its digit of i?
4
Suppose -75 + 9 = -6*n. Suppose -n*m = -64*m + 41499. What is the units digit of m?
3
Let g = 11928 + -6617. What is the thousands digit of g?
5
Let z = 34 + -34. Suppose z*t + 2*t + 57 = 3*d, -2*d - 106 = 4*t. What is the units digit of (-1302)/t + (-6)/27?
8
Let t(g) = -2*g - 8. Let x be t(-6). Let y be -14 + 0/(-1 - 0) - -2. What is the tens digit of 0 + (-1604)/y + x/(-6)?
3
Let n = -446 + 4079. What is the units digit of n?
3
Let j be ((-4)/(-20)*33)/((-1)/(-5)). Let y = 135 - j. Let c = 49 + y. What is the hundreds digit of c?
1
Suppose 0 = k - 2*k + 5*v + 43, 157 = 5*k + 4*v. Suppose -61*h = -49*h - 408. Suppose k*p - h*p = -10. What is the units digit of p?
0
Let d = -23172 - -32919. What is the thousands digit of d?
9
Suppose 8*g = -7*g + 90090. Suppose 18*k = -g + 18516. What is the hundreds digit of k?
6
Let i(q) = 2*q**3 - q + 36. Let r(h) = -h + 3. Let l be r(-4). Suppose 10*g = l + 43. What is the units digit of i(g)?
1
Suppose 5*a + 123 = 2*n - 1158, -2*a = -4*n + 2570. Suppose 3*q - n = 956. What is the tens digit of q?
3
Let c(b) = b**3 - 5*b**2 - 9*b + 22. Let r be c(6). Suppose d = -r*q + 1744, 0*q + 2*q - 854 = -5*d. What is the tens digit of q?
3
Let u be (-8 - (-486)/63) + (-37)/(-7). Suppose 5*g = -u*l + 990, -5*l - 3*g + 8*g + 960 = 0. What is the units digit of l?
5
Let p(m) = -47*m**2 + 2*m - 6. Let l be p(2). Let k = l + 229. What is the tens digit of k?
3
Let d(f) = 39*f - 1. Let l(p) = p - 1. Let c(b) = -d(b) + 4*l(b). Let n = -5 + 2. What is the tens digit of c(n)?
0
Let l be (873/(-36))/(1/12). Let n = 461 + l. What is the hundreds digit of n?
1
Let q(j) = -j + 10. Let i be q(8). Suppose -5*k + r = -3*r - 45, -i*r + 75 = 5*k. Suppose -k*w - 150 = -16*w. What is the tens digit of w?
5
Suppose -12*l + 138 = -76218. What is the hundreds digit of l?
3
Let k(r) = r + 50. Let h be k(20). Let c = h + -63. What is the units digit of c?
7
Let j be -1 - (1 + -2 - 15). Let m(w) = 6*w - 4*w - 10*w + 34 + 6*w. What is the units digit of m(j)?
4
Let u(f) = -15*f - 37. Let p(w) = w**2 - 12*w + 3. Let t be p(10). Let k be u(t). Suppose -16*y + 15*y = -k. What is the hundreds digit of y?
2
Let k be (-8)/6 - (-1092)/(-18). Let f = 260 - k. What is the hundreds digit of f?
3
Suppose 5*y - 176*b - 247584 = -174*b, 5*y + 2*b = 247576. What is the tens digit of y?
1
Let s(p) = p**3 - 12*p**2 + 15*p - 19. Let c be s(11). Suppose 0 = -v + 3*v + g - 121, 5*g = -c. What is the tens digit of v?
6
Let d = 288 + -282. What is the tens digit of (-30)/d + 408 + 0?
0
Let g be (-1)/(10/(-465))*(-1 + 3). Suppose 3*d + g = -60. Let u = -1 - d. What is the units digit of u?
0
Let y = 79 - 29. What is the units digit of 7/(42/18) + y?
3
Suppose 57*b = 422 - 80. Suppose 3*c + 5*a + 70 = 0, -8 - 12 = c + 5*a. What is the hundreds digit of b/((-6)/c*4/16)?
1
Let k be (406/(-8))/(18 - (-568)/(-32)). Suppose d + 2*d - 9 = 0. Let r = d - k. What is the units digit of r?
6
Suppose 16065 = 4*o + 18*o - 26043. What is the thousands digit of o?
1
Let u(o) = -13*o + 15. Let h be u(-6). Suppose -h*k = -102*k + 5625. What is the units digit of k?
5
Let u(b) = 431*b + 622. Let f(a) = 143*a + 208. Let i(g) = -7*f(g) + 2*u(g). What is the hundreds digit of i(-8)?
9
Let b be -1 - 9/2 - 10/20. Let o be 1/(b/8 - 1/(-2)). Let w(g) = -11*g - 11. What is the units digit of w(o)?
3
Let f = -2051 - -9991. What is the thousands digit of f?
7
Let a be -1 + 0 + (-34)/6*3. What is the units digit of 3*(-1 + a/(-6))?
6
Let u(a) be the third derivative of -a**6/120 + a**4/6 + 19*a**3/6 - 33*a**2. What is the units digit of u(0)?
9
Let y(a) = -7*a**3 - 2*a**2 + 4*a + 29. Let p be y(-4). Let h = p - 114. What is the tens digit of h?
1
Suppose -5*g + 5*n - 9*n = -5, -2*n + 1 = g. What is the hundreds digit of 56820/35 - ((-4)/7)/g?
6
Suppose 5*n + 185900 = -22*r + 27*r, -3*r - 4*n = -111561. What is the hundreds digit of r?
1
What is the units digit of -1 + 5/2*(-478128)/(-280)?
8
Let a(r) = 35*r - 37. Let i be 20 - (3*20/(-12) + 1). What is the tens digit of a(i)?
0
Let p(y) = 3*y**3 - 9*y**2 - 12*y + 11. Let x be p(8). Suppose -27*a + x = -22*a. Suppose -46 = -d + a. What is the tens digit of d?
2
What is the units digit of (18 - 1)/((44/147)/44)?
9
Suppose 37*n - 103987 = 105988. What is the hundreds digit of n?
6
Let g be (10/3)/(18/(-27)). Let i be (4 - (g - -10))/((-1)/29). Let q = -27 + i. What is the units digit of q?
2
Let h(p) = -29*p**3 + 16*p**2 - 29*p - 56. What is the hundreds digit of h(-10)?
8
Suppose 3*f - 3809 = -2*p, -17178 = 50*p - 59*p - f. What is the units digit of p?
9
Suppose 4*a + 690 = 9*a. Suppose n - a = 168. Let k = n - 185. What is the units digit of k?
1
Let t(q) = -q**2 - 4*q + 4. Let i be t(-5). Suppose 0 = -2*f - 3*a - 13, 12*a = f + 15*a + 11. What is the units digit of 2 - (f - i) - (2 + -4)?
5
Let s(v) = v - 2. Let y be s(0). Let i be (3 - (-5)/y)/(2/8). What is the hundreds digit of (i/3)/(11/2046)?
1
Let w(j) = 2*j**3 - 4*j**2 - 7*j + 29. Let f be w(4). What is the tens digit of 8/60*-6 + 832/f?
1
Let w(b) = -129*b + 1569. What is the tens digit of w(-30)?
3
Let j(p) = -51*p - 16. Let n be j(-4). Let y = 200 - 73. Suppose -5*q = -n - y. What is the units digit of q?
3
Let g = 724 - 724. Suppose 3*b = 2*p - 2205, 3*p + 11*b - 8*b - 3345 = g. What is the units digit of p?
0
Suppose 3*x - 2*o - 16239 = 0, -2*x - 46*o + 10826 = -47*o. What is the thousands digit of x?
5
Let c be ((-10)/(-30))/((-2)/30)*-2. Let s(a) = 2*a**3 - 7*a**2 - 48*a + 52. What is the tens digit of s(c)?
7
Suppose -3734 = 2*t + 3*r - 179442, 0 = 5*t - 4*r - 439316. What is the units digit of t?
0
Let a(h) = -2*h**2 - 6*h - 8. Let r be a(-10). Let k = r + 418. What is the units digit of k?
0
Let p(l) = l**3 + 5*l**2 + l + 8. Let j be p(-7). Let o = j + 668. Suppose 0 = 6*d - o - 269. What is the units digit of d?
0
Suppose -323 = 26*r - 63. What is the hundreds digit of (74/r - -5)/((-6)/580)?
2
Let r(s) = 1305*s - 8269. What is the hundreds digit of r(7)?
8
Suppose -830329 = -149*r + 4770283. What is the units digit of r?
8
Suppose -u + 4*b = -2478 - 1472, 4*b + 11906 = 3*u. What is the thousands digit of u?
3
Suppose 3*w - 5*a + 3909 - 12801 = 0, 2*w = -4*a + 5972. What is the tens digit of w?
7
Let o be (-682)/33 + (-3)/(27/(-6)). What is the tens digit of (1 - -9)/(o/(-24))?
1
Suppose 9*d = 4*d. Let i = 962 + -959. Suppose i*q - q + v - 193 = d, -499 = -5*q + 3*v. What is the tens digit of q?
9
Let s be (95/10)/1 + 15/6. Suppose 585 = -s*i + 6321. What is the units digit of i?
8
Let v = -71174 - -153503. What is the hundreds digit of v?
3
Let k be -45*(-3 + (-22)/(-6)). Let v = -6 + k. Let m = 89 - v. What is the tens digit of m?
2
Suppose -79508 = -5*n - a, 101*a - 102*a + 15908 = n. What is the tens digit of n?
0
What is the tens digit of ((-147596)/(-10))/(-2 - (11 + (-804)/60))?
9
Suppose -332*s + 6552 = -346*s. Let b = s + 1140. What is the units digit of b?
2
Suppose 176890 = -364*x + 864850. What is the hundreds digit of x?
8
Suppose -3852 = 33*x - 24*x. Let j = x - -1048. What is the hundreds digit of j?
6
Let v(u) be the second derivative of 4*u**3 + 0 - 1/12*u**4 + 6*u**2 + 12*u. What is the tens digit of v(16)?
4
Let h = -167 + 172. Suppose -2*j = 2*c - 102, -h*c + 4*c = -4*j + 179. What is the tens digit of j?
4
Suppose 132 = 6*t - 450. Suppose -4*m + 274 + 206 = 4*c, 238 = 2*c + 3*m. Let k = c - t. What is the units digit of k?
5
Suppose 2*t = 2*o + 4, -2*t + 3*t + 5*o - 32 = 0. Let n(z) be the second derivative of z**4/3 - 11*z**3/6 + 4*z**2 + 25*z. What is the units digit of n(t)?
7
Let n = -77 - -95. Suppose -3 = -t + 4*d - 7, 2*t + 5*d = n. Suppose 2*x = 4*x - t*u - 232, -x = -5*u - 104. What is the tens digit of x?
2
Let l be 2*(-50 - 0)/(-5). What is the hundreds digit of (l/6)/((-8)/(-432))?
1
What is the hundreds digit of (7378/21)/((-26)/(-1677))?
6
Let g be 15/4 + -6*(-5)/120. Suppose -5*n - 1 = -0*n - g*w, w = 3*n + 2. What is the tens digit of 90 + 1 - (1 + -2 - n)?
9
Let r(b) = -b**2 + 5*b - 21. Let q be r(6). Let t = -25 - q. Suppose t*m = 6*m - 192. What is the units digit of m?
8
Let f be (-7)/(-21) + (-14)/(-3). Suppose f*a - 5 = 10. Suppose x - 104 = -5*h, a*x - 2*h = -4*h + 260. What is the tens digit of x?
8
Let b(a